 + 1. Suppose 3*s = -4*y + 26, -5*s - 3 + 51 = 2*y. Let i = s - 6. Calculate the remainder when q(1) is divided by i.
2
Let z(b) = 2*b**3 - 4*b**2 + 2*b - 2. Let k be z(2). Suppose k*y = 16 + 26. Calculate the remainder when y is divided by 12/2*2 + -1.
10
Let c = -21 - -26. Suppose -2*o = -5*j - 20, -15 = 5*j - c. Suppose -4*g - 3 = 3*z - 46, g + 2*z = 17. What is the remainder when g is divided by o?
2
Calculate the remainder when (23 + -13 - -371)*(-5)/(-3) is divided by 58.
55
Let m be 48/21 + (-10)/35. Suppose -5*z + 28 + 12 = -3*u, 0 = -5*z + m*u + 35. What is the remainder when 14 is divided by z?
4
Suppose -31*p + 7800 = 9*p. What is the remainder when p is divided by 11?
8
Let z be 4/((-8)/6) + 17. Let s be 18/(-42) + 790/z. Suppose -4*g = -0*g - s. Calculate the remainder when g is divided by 4.
2
Let v = -5 - -8. Suppose 4*r - 5*a - 69 = -14, v*r - 70 = -2*a. Suppose 2*k - 20 = -6. Calculate the remainder when r is divided by k.
6
Let o(a) = 5*a**2 + 2*a - 4. Let g = 118 + -114. Calculate the remainder when o(g) is divided by 29.
26
Suppose -4*h = -3*h - 20. Let a = h + 36. Calculate the remainder when a is divided by 19.
18
Let x be (-496)/(-6) + (-12)/18. Let u = -53 + x. Suppose 2*m + c - 67 = u, 0 = -3*m - 5*c + 130. What is the remainder when m is divided by 13?
11
Suppose -14 = -5*d + v + 38, 3*d + 5*v = 20. What is the remainder when 317 is divided by d?
7
Let i be (-1 - -2) + (5 - (1 - 170)). Let n = i - 111. What is the remainder when n is divided by 13?
12
Let w be ((-12)/(-8))/(6/32). Suppose -w*d + 4*d + 8 = 0. Suppose -4*a = -d*a - 18. What is the remainder when 15 is divided by a?
6
Suppose l = -5*v + 41, 30 = 4*v - 7*l + 5*l. Calculate the remainder when 29 is divided by -2 - ((-82)/4 + v/(-16)).
10
Let c(t) = -t**3 - 3*t**2 + 8*t + 6. What is the remainder when (2 - 502/(-7)) + -3*10/(-105) is divided by c(-5)?
10
Suppose 33 - 13 = 5*k. What is the remainder when 32 is divided by k/(-10) - 37/(-5)?
4
Suppose 0 = -9*c + 353 + 124. Suppose -4*t - 38 = 30. Let v = -6 - t. What is the remainder when c is divided by v?
9
Suppose 0*a + 5*a - 18 = i, 0 = 3*a + 3*i. Suppose a*b - b - 880 = 0. Suppose 4*r + c = b, 0 = -3*c - c. Calculate the remainder when r is divided by 28.
26
Suppose 0 = 3*l + 23 - 32. Suppose -l*s = -50 + 14. Calculate the remainder when 43 is divided by s.
7
Let r = -73 - -102. Calculate the remainder when 120 is divided by r.
4
Let k = -17 + 2. Let d be 3 + k/3 + 4. Suppose -d*f - 2 = -34. What is the remainder when 30 is divided by f?
14
Let a(n) = -22*n**3 - 9*n**2 - 15*n - 4. What is the remainder when a(-3) is divided by 56?
50
Let z(a) = a**2 + a - 9. Suppose k + 3*k = 0, 4*h + k - 524 = 0. Calculate the remainder when h is divided by z(-7).
32
Suppose 1 = -4*r - 3. Let m = -2989 - -2992. What is the remainder when m is divided by 1 + 0*r/3?
0
Let h(s) = 19*s**2 - s + 8. What is the remainder when h(2) is divided by 43?
39
Suppose -3*y - x - x = -340, -5*x - 85 = -y. Let i be -1*53*(2 - 1). Let f = i + y. What is the remainder when f is divided by 10?
7
Suppose -93 = 10*x - 663. Calculate the remainder when x is divided by 12.
9
Suppose 850 = 3*l + 814. What is the remainder when 18 is divided by l?
6
Let b(s) = -s**3 + 3*s**2 - 2*s - 1. Let d be b(2). Let r(i) = 71*i**2 + i. Let c = 60 + -36. What is the remainder when r(d) is divided by c?
22
Let v(r) = -2*r**3 - 80*r**2 + r + 66. Calculate the remainder when 152/2 + (0 - -1) is divided by v(-40).
25
Let k = 232 - 133. What is the remainder when k is divided by 35?
29
Let l be (1 - (-2 - -120))/(12/(-8)). Suppose -9*z + 8*z + l = 0. Calculate the remainder when z is divided by 20.
18
Suppose 2*v = 9*v - 21. Suppose 2*d = -0*d - v*t + 19, 4*d - 41 = -5*t. Calculate the remainder when d is divided by 7.
0
Suppose 0 = d + 2*d - 24. Suppose 2*q = 2*x - 0*q - d, -2 = -5*x - 4*q. Suppose x*m + 5 = -1, 2*m - 3 = -3*t. Calculate the remainder when t is divided by 2.
1
Suppose -778 - 2129 = -9*k. Calculate the remainder when k is divided by 82.
77
Suppose 2*a - 7*a - 15 = 0, 2*o = -5*a + 83. Let q = o - 37. Let r(j) = -j**3 + 7*j**2 + 7*j + 10. What is the remainder when r(7) is divided by q?
11
Let h = 2915 + -2395. What is the remainder when h is divided by 57?
7
Let u = 6 + 11. Let f = 31 - u. What is the remainder when 41 is divided by f?
13
Let y be 6/(0 + (-4)/(-310)). Suppose -k - y = -6*k. What is the remainder when k is divided by 19?
17
Suppose 42*m - 1994 + 230 = 0. Calculate the remainder when m is divided by (-4)/4*1 - -23.
20
Let c(m) = m**2 - 3*m - 4. Let a be c(4). What is the remainder when 36 is divided by (4 - -12) + a + -3?
10
Let n = -949 + 973. What is the remainder when 476 is divided by n?
20
Let s(o) = -o + 2. Suppose -4*k + 2*k = 3*q + 1, 3*q + k = 1. Calculate the remainder when -1 + (-8)/(-5) + (-72)/(-180) is divided by s(q).
0
Suppose 0 = 5*z - 0*z - 2*f - 44, -f = -3. Let j be z/(-4)*(1 + -5). Suppose 3*v = -3*a + 109 - j, -4*v = 8. Calculate the remainder when a is divided by 12.
11
Suppose -57*x = -1342 + 202. Suppose -i - 2*i = -4*t - 2628, 3504 = 4*i + 3*t. What is the remainder when (-2)/5 + i/15 is divided by x?
18
Let s = -431 + 464. What is the remainder when s is divided by 5?
3
Let s = -223 + 273. Calculate the remainder when s is divided by 17.
16
Let f = -163 - -214. Calculate the remainder when 253 is divided by f.
49
Let d = 2088 + -1289. Calculate the remainder when d is divided by 89.
87
Let g(z) = 4*z - 36. Let w be g(11). Suppose -23*b = -w*b - 900. What is the remainder when 297 is divided by b?
57
Let u(x) = -x**2 + 3*x - 4. Let h be u(3). What is the remainder when (18/(1 + h))/(-2) is divided by 1?
0
What is the remainder when 62 + (-14 - -7 - -4) is divided by 32?
27
Let v = 818 - 626. What is the remainder when v is divided by 7?
3
Suppose -2*q + 3*k = 841, k + 1449 + 679 = -5*q. Calculate the remainder when (q/(-5) - -4)*1 is divided by 24.
17
Suppose -1 = 5*q + 5*f - 6, -4*q = -5*f - 40. Suppose -q*k = 3 - 13. What is the remainder when k is divided by (-3 - (2 + -4))*-2?
0
What is the remainder when 57 is divided by (9/(-6))/((-21)/182) - 5?
1
Suppose -16*k + 2*p + 21 = -15*k, -k + 4*p = -25. What is the remainder when 201 is divided by k?
14
Let t = -165 + 226. What is the remainder when t is divided by 23?
15
Suppose -3*r = -0*j - j + 16, 0 = -2*r. What is the remainder when 38 is divided by j?
6
Suppose -37*u - 120 = -47*u. Calculate the remainder when 21 is divided by u.
9
Let v(d) = -d**3 + 4*d**3 - 2*d**3 + 4*d - d - 4*d**2. Let t be v(3). Suppose 4*j + 11 - 23 = t. Calculate the remainder when 7 is divided by j.
1
Let m(k) = -24*k + 315. What is the remainder when m(8) is divided by 26?
19
Let r(p) = -p**3 - 6*p**2 - 2*p + 1. Let h be r(-6). Let x = h - 13. Suppose 15 = -x*j + j. What is the remainder when 56 is divided by j?
11
Suppose -6*d = -4*p - 2*d + 4072, 3*p + d - 3066 = 0. Suppose -p = 12*n - 2413. What is the remainder when n is divided by 13?
12
Suppose -5*r - 4*j = -463, -2*j - 5 - 1 = 0. What is the remainder when r is divided by 48?
47
Let h be 1*(-2 - (0 - 0)). Let c(a) = -22*a - 2. Suppose -23*z + 25*z + 3*n = 56, -96 = -4*z - 2*n. What is the remainder when c(h) is divided by z?
20
Let n be (31/(-3))/(10/(-3) - -3). Suppose -2*u - 10 = 0, -u + n + 174 = 3*c. What is the remainder when c is divided by 18?
16
Let v = 499 + -375. What is the remainder when v is divided by 21?
19
Calculate the remainder when 725 is divided by (-3)/((-3)/(-4)) - (-8 - 29).
32
Suppose -g - g + 3*s = 0, -5*g - 14 = -4*s. Let h be 2*(429/g - -1). Let y = h + 204. What is the remainder when y is divided by 22?
19
Let g(r) = r**3 - 7*r**2 - 2*r + 10. Let p(z) = 2*z - 9. Let u be p(8). Let l be g(u). What is the remainder when ((-588)/(-24))/((-2)/l) is divided by 17?
15
Let a(i) = i**3 - 9*i**2 - 11*i - 40. What is the remainder when 319 is divided by a(11)?
76
Let z be -1*2 - (0 - 16). Let w = -12 + z. Suppose -w*m - 6 = 0, 0*l = -4*l + m + 31. Calculate the remainder when 26 is divided by l.
5
Suppose 0 = -31*y + 67*y - 540. What is the remainder when y is divided by 12?
3
Let q(w) = -w**2 + 20*w - 15. Let c be q(18). Suppose 3*n + 3*b = c, -3*n + b = -3*b. Calculate the remainder when n is div